he greatest common divisor of 10 and w.
10
Let j(k) be the third derivative of k**5/60 + k**4/6 - k**3 + 2*k**2. Let u be j(-6). Let w = 19 - 17. Calculate the highest common divisor of u and w.
2
Let b = -48 + 73. What is the greatest common divisor of 125 and b?
25
Let h(a) = 2 - 5*a**3 - 7*a + 6 - 5*a**2 + 6*a**3. Let s be h(6). Suppose -2 = -k - 0*k. Calculate the highest common factor of k and s.
2
Let m(r) = 2*r**2 + 29*r - 1. Let o be m(-15). Calculate the greatest common factor of o and 7.
7
Let j be ((-54)/(-21))/(1/56). Let r(k) = 9*k - 9. Let y be r(5). Suppose 4*a - y = 2*a. Calculate the highest common factor of a and j.
18
Suppose -4*f + 190 = 2*t - f, -3*f = 0. Let v be (-334)/(-3) - 6/(-9). Let b = v - 74. What is the highest common divisor of b and t?
19
Suppose -150 + 15 = -3*a. Calculate the greatest common divisor of a and 10.
5
Let c be 2/4 - 7/(-2). Suppose -16 = -c*k, 0 = v - 2*v - k + 11. Suppose -2*o - 4*i = -166, -o + 65 = -2*i - 6. What is the greatest common divisor of v and o?
7
Let j be ((-3)/(-1))/3 + 372. Suppose 0 = 5*a - 2*k - j, 4*a - 2*a - 2*k = 148. Calculate the highest common divisor of 15 and a.
15
Let l(a) = a**2 - 2*a - 10. Let c be l(7). Suppose -3*j + 10 = -j. Calculate the highest common divisor of j and c.
5
Suppose 0 = -3*t - 2*t + 40. Let l = 29 - -6. Suppose -20 = -l*j + 34*j. Calculate the greatest common factor of t and j.
4
Let c(q) = q**2 + q. Let x be c(-5). Let d = -19 - -179. What is the greatest common factor of d and x?
20
Let y = -4 + 7. Suppose 0 = y*f + 2*f - 65. What is the greatest common divisor of 91 and f?
13
Let j = 13 - -29. Calculate the greatest common factor of j and 63.
21
Let d be ((-4)/6)/(14/105). Let k(r) = -8*r - 1. Let s be k(4). Let t = d - s. Calculate the highest common divisor of 42 and t.
14
Suppose 4*t + 5*p = 12, -t + 3*p = -0*p - 3. Suppose 5*v = 4*y + 10, 2*v = t*y + 1 - 4. What is the greatest common factor of 24 and v?
6
Let x be 4/((-4)/(-3)) - 0. Let y be 1 + -3 + x + 0. What is the highest common factor of y and 4?
1
Let h be ((-1)/5)/(14/(-2030)). Suppose -2*m + 194 = -0*j - 5*j, 5*m - 2*j = 443. What is the highest common factor of h and m?
29
Let g be (21/2)/(3/4). Let t(w) be the second derivative of w**5/20 + w**4/12 + w**3/6 - w. Let d be t(2). What is the greatest common divisor of g and d?
14
Let y = 19 + -13. Let i(z) = -z**3 + 6*z**2 + 4*z - 8. Let s be i(y). What is the highest common divisor of s and 64?
16
Let m(i) = 2*i**2 - 4*i + 2. Let t be m(2). Suppose -t*b = 2*b - 60. Calculate the greatest common factor of 60 and b.
15
Let q = 13 - 9. Let w be 6 - (1 - -1) - 2. Calculate the highest common divisor of w and q.
2
Suppose 5*b - 30 = 2*b. Suppose 4 = 3*l - 4*s - 14, 0 = 2*l - 2*s - b. Calculate the highest common factor of 5 and l.
1
Let u(w) = -w**3 + 7*w**2 + 4*w - 4. Let n be u(7). Calculate the highest common factor of n and 120.
24
Let q(c) = c + 9. Let y be q(-9). Let f be 6*-1*2 - y. Let j be ((-24)/(-10))/(f/(-40)). Calculate the greatest common factor of 4 and j.
4
Suppose -c - 2*n - 12 = 2*n, -4*c - 4*n - 24 = 0. Let f = 5 - c. Suppose 0 = 2*x - 6*x + 324. Calculate the greatest common factor of x and f.
9
Let o = -6 + 9. Suppose 0 = 4*f - o*f - 272. Let l = -118 + f. What is the highest common factor of l and 14?
14
Suppose n = 2 - 1. Calculate the greatest common divisor of 8 and n.
1
Let b be 2/9 + (-104)/(-18). Suppose c - g + 23 = -b*g, 0 = 5*g + 25. Calculate the greatest common divisor of c and 2.
2
Let o be 190/(-4)*(3 + 38/(-10)). Calculate the highest common divisor of o and 266.
38
Suppose 113 - 288 = -5*k - 4*p, -2*k + 52 = -2*p. Suppose -k + 7 = -4*r. What is the highest common divisor of 66 and r?
6
Let z = 81 + -78. Calculate the highest common factor of z and 8.
1
Suppose -3*m - 96 = -5*j - 2*m, 0 = 3*j - 5*m - 40. Let b(n) = -5*n - 10. Let y be b(-6). Calculate the highest common divisor of y and j.
20
Let t be (-1 - -3) + 214 - 1. Suppose 0 = -4*u + 273 + 191. Let r = t - u. What is the highest common divisor of 9 and r?
9
Let h = -71 - -29. Let i = 60 + h. Suppose -54 = -4*t + i. Calculate the highest common divisor of t and 2.
2
Suppose 6*h = 3*h + 27. Let a = 26 - 9. Let u = a + -8. Calculate the greatest common divisor of h and u.
9
Suppose -4*w - 86 = 5*t, -w - 12 + 49 = -2*t. Let d be (-4036)/t + 14/(-63). What is the greatest common factor of 32 and d?
32
Suppose 15 = -5*s, 0*r - 3*r + 3*s - 33 = 0. Let u = r + 38. Calculate the highest common factor of 3 and u.
3
Suppose -4*a = a - 175. Calculate the highest common divisor of 14 and a.
7
Suppose 0 = 18*c - 19*c + 12. Calculate the highest common divisor of c and 12.
12
Suppose -72 = -5*f + 48. Calculate the highest common factor of f and 3.
3
Suppose -z + 0*z + 182 = 5*y, -4*y + 138 = -3*z. What is the greatest common factor of y and 18?
18
Suppose 4*p + 168 = 7*p. Calculate the highest common factor of 7 and p.
7
Let w(k) = -3*k - 14. Let b be w(-8). Calculate the highest common factor of 2 and b.
2
Let j be (-363)/(-12) + 2/(-8). Calculate the highest common divisor of j and 45.
15
Suppose 0 = 3*i + 5*r - 25 + 5, -4*i = r - 21. Let b be 2 + -1 + 18 + 1. What is the greatest common factor of i and b?
5
Let s(i) = -i**2 - 11*i - 12. Let d be s(-8). What is the highest common factor of d and 30?
6
Let j be 1/3 - 179/(-3). Let v be ((-48)/30)/((-3)/90*4). What is the highest common factor of j and v?
12
Let c(g) = -6*g**2 + 4. Let x be c(0). Let u = -41 + 57. Calculate the greatest common factor of x and u.
4
Suppose 5*p = -4*k + 2*k + 339, -5*k + 3*p = -801. What is the greatest common divisor of 18 and k?
18
Let g(f) = f**3 - 11*f**2 + f + 19. Let d be g(11). Calculate the highest common divisor of d and 120.
30
Suppose -525 = -5*y - 3*p, -5*y + 0*p + 525 = 2*p. Calculate the highest common factor of y and 70.
35
Suppose -7*o - 4 = -9*o. Suppose -2*h - o*h = -92. Calculate the highest common factor of 138 and h.
23
Let s(y) = -y**3 - 4*y**2 + 5*y + 1. Let o = 0 - 1. Let p(w) = 1. Let v(j) = o*s(j) - 4*p(j). Let q be v(-4). Calculate the highest common divisor of q and 45.
15
Suppose 3*x - 2 = 22. Calculate the greatest common divisor of 8 and x.
8
Suppose -16 = -z + 12. Calculate the greatest common factor of z and 14.
14
Let v(c) = 21*c - 4. Let a be v(4). What is the highest common divisor of 10 and a?
10
Suppose -2*b + 20 = -5*h, 1 = -2*b + 11. Let q be 0 + (3 - -16) + h. Suppose -2*o = -o - q. Calculate the highest common factor of o and 34.
17
Suppose 5*t + 20 = 10*t. Calculate the highest common divisor of 10 and t.
2
Let z(j) = -j**2 + 12*j - 12. Let p be z(10). Let b(t) = -2*t - 4. Let y be b(-6). What is the greatest common divisor of p and y?
8
Suppose 40*i + 18 = 43*i. Let k be (-2 - (0 - 1)) + 55. What is the greatest common factor of i and k?
6
Let w(o) = o**2 - 4. Let f be w(-5). What is the highest common factor of f and 21?
21
Let m = 51 - 26. Calculate the greatest common divisor of 5 and m.
5
Let q = -47 + 102. Let n(l) = -l**3 + l**2 + 345. Let a be n(0). Suppose -q - a = -5*g. What is the highest common divisor of 8 and g?
8
Suppose -2*m + 25 = u, 3*u + 5*m = 5*u - 86. Let i = -18 + u. Calculate the greatest common factor of i and 5.
5
Let h(y) = 4*y + 6. Let b be h(-6). Let l be 2/(-9) - 76/b. Let t be 5/(-3)*-3 + -3 + 4. What is the highest common divisor of t and l?
2
Let c = -5 - -10. Suppose -3*s - 5*a - 14 = 0, c + 11 = -4*a. Suppose -r = -s*r + 30. What is the highest common divisor of r and 12?
6
Let z(o) = -o**3 - 5*o**2 + 7*o - 3. Let g be z(-6). Let t = -6 - g. What is the greatest common divisor of 6 and t?
3
Let h = 154 - 95. Suppose 25 = 4*g - h. What is the greatest common divisor of 189 and g?
21
Let c = 16 + -9. Calculate the greatest common divisor of 63 and c.
7
Suppose 0 = 3*l - 124 + 16. Suppose -4*g + 3*d + 7 = 0, 2*d + 0 - 6 = 0. Calculate the greatest common factor of g and l.
4
Suppose f + 2 + 2 = 0. Let w be (-6)/f*(-8)/3. Let h(i) = 3*i**2 + 6*i + 3. Let d be h(w). Calculate the greatest common factor of 9 and d.
9
Let o = 61 - 13. Suppose 3*t + 23 = 59. Let y be (-1 - 6/(-4))*t. Calculate the highest common divisor of y and o.
6
Let y be (-9 + -23)*2*1. Let o = 93 + y. What is the greatest common div